What is the hundred millions digit of 145293616?
1
What is the hundred thousands digit of 234190414?
1
What is the ten millions digit of 208508946?
0
What is the millions digit of 1470185655?
0
What is the ten thousands digit of 1154322930?
2
What is the units digit of 1273816822?
2
What is the ten thousands digit of 2118301740?
0
What is the units digit of 291386725?
5
What is the hundred thousands digit of 29028029?
0
What is the hundred millions digit of 124722868?
1
What is the millions digit of 82490857?
2
What is the units digit of 57155225?
5
What is the hundreds digit of 58043833?
8
What is the units digit of 15496870?
0
What is the ten thousands digit of 1123028469?
2
What is the thousands digit of 1048598189?
8
What is the hundreds digit of 1069242731?
7
What is the tens digit of 81923220?
2
What is the millions digit of 65060377?
5
What is the hundred thousands digit of 393975083?
9
What is the ten thousands digit of 100662134?
6
What is the tens digit of 93835016?
1
What is the hundreds digit of 8279756?
7
What is the millions digit of 62502661?
2
What is the ten millions digit of 68129217?
6
What is the thousands digit of 297443633?
3
What is the units digit of 15098944?
4
What is the hundreds digit of 3474007446?
4
What is the hundreds digit of 4131011997?
9
What is the hundreds digit of 177691235?
2
What is the tens digit of 618886287?
8
What is the ten millions digit of 147239213?
4
What is the ten thousands digit of 1048318027?
1
What is the hundred thousands digit of 32593221?
5
What is the hundred thousands digit of 2065853132?
8
What is the ten millions digit of 149273856?
4
What is the thousands digit of 123806225?
6
What is the millions digit of 68821250?
8
What is the hundred thousands digit of 30896092?
8
What is the hundred millions digit of 417320217?
4
What is the millions digit of 2219758477?
9
What is the ten millions digit of 79505080?
7
What is the units digit of 83269779?
9
What is the hundred thousands digit of 1402409165?
4
What is the millions digit of 102785313?
2
What is the tens digit of 259483032?
3
What is the millions digit of 3105511749?
5
What is the tens digit of 2015191018?
1
What is the ten thousands digit of 126472491?
7
What is the hundred millions digit of 458819634?
4
What is the hundred millions digit of 466731153?
4
What is the thousands digit of 62180219?
0
What is the tens digit of 436973423?
2
What is the ten millions digit of 74788170?
7
What is the ten thousands digit of 2230833027?
3
What is the tens digit of 145649705?
0
What is the ten thousands digit of 132880238?
8
What is the thousands digit of 50894989?
4
What is the tens digit of 588284034?
3
What is the thousands digit of 60506374?
6
What is the ten thousands digit of 281742381?
4
What is the units digit of 245603303?
3
What is the ten thousands digit of 85207180?
0
What is the hundreds digit of 61643067?
0
What is the thousands digit of 306047472?
7
What is the thousands digit of 2273771214?
1
What is the tens digit of 503114810?
1
What is the thousands digit of 29641981?
1
What is the ten thousands digit of 46403578?
0
What is the hundred millions digit of 1957407992?
9
What is the hundred millions digit of 107045205?
1
What is the hundred thousands digit of 27752757?
7
What is the ten thousands digit of 22089449?
8
What is the hundred thousands digit of 2487429691?
4
What is the ten thousands digit of 216175668?
7
What is the units digit of 8919915421?
1
What is the tens digit of 314285251?
5
What is the hundred thousands digit of 153799781?
7
What is the ten thousands digit of 2277220599?
2
What is the ten thousands digit of 123140413?
4
What is the units digit of 6431786350?
0
What is the tens digit of 7945145?
4
What is the ten thousands digit of 160819517?
1
What is the hundred millions digit of 838621964?
8
What is the thousands digit of 34427866?
7
What is the ten millions digit of 20112576?
2
What is the tens digit of 430851502?
0
What is the ten thousands digit of 60263789?
6
What is the tens digit of 1480112609?
0
What is the hundreds digit of 39652220?
2
What is the units digit of 565365181?
1
What is the ten millions digit of 16507823?
1
What is the units digit of 250867951?
1
What is the hundred millions digit of 544044758?
5
What is the hundred thousands digit of 113002901?
0
What is the thousands digit of 8307698?
7
What is the thousands digit of 138026627?
6
What is the ten millions digit of 21264637?
2
What is the units digit of 115375290?
0
What is the ten thousands digit of 1717691754?
9
What is the millions digit of 4176022656?
6
What is the billions digit of 6163315844?
6
What is the millions digit of 75830085?
5
What is the tens digit of 488017654?
5
What is the units digit of 101380642?
2
What is the ten millions digit of 14091156?
1
What is the hundred millions digit of 2892698826?
8
What is the tens digit of 1548447323?
2
What is the billions digit of 2547848126?
2
What is the hundreds digit of 63065427?
4
What is the tens digit of 12892939?
3
What is the hundred thousands digit of 77242654?
2
What is the tens digit of 312677039?
3
What is the ten thousands digit of 343620291?
2
What is the hundreds digit of 71922346?
3
What is the units digit of 364740146?
6
What is the hundred thousands digit of 228925077?
9
What is the ten millions digit of 2167948673?
6
What is the hundred thousands digit of 222589655?
5
What is the units digit of 1144589604?
4
What is the hundreds digit of 16723769?
7
What is the ten thousands digit of 537028579?
2
What is the ten millions digit of 167046792?
6
What is the hundreds digit of 98199786?
7
What is the hundred millions digit of 704110720?
7
What is the units digit of 424707688?
8
What is the tens digit of 119735588?
8
What is the hundred millions digit of 898677040?
8
What is the ten thousands digit of 86223158?
2
What is the billions digit of 2321347100?
2
What is the tens digit of 36617766?
6
What is the tens digit of 15880195?
9
What is the hundred millions digit of 155527074?
1
What is the hundred millions digit of 3687529101?
6
What is the thousands digit of 169723759?
3
What is the millions digit of 64235837?
4
What is the hundred thousands digit of 2558764448?
7
What is the hundred thousands digit of 6480486824?
4
What is the billions digit of 1984215188?
1
What is the ten millions digit of 3458517528?
5
What is the millions digit of 52830723?
2
What is the millions digit of 99745282?
9
What is the ten thousands digit of 5202921780?
2
What is the tens digit of 94444841?
4
What is the tens digit of 42817423?
2
What is the hundred thousands digit of 214633740?
6
What is the units digit of 2038255057?
7
What is the hundred millions digit of 492533592?
4
What is the tens digit of 1571716928?
2
What is the thousands digit of 354218069?
8
What is the hundred thousands digit of 547407305?
4
What is the ten thousands digit of 4569478?
6
What is the ten thousands digit of 137866330?
6
What is the ten millions digit of 457903233?
5
What is the hundreds digit of 7685492736?
7
What is the hundred millions digit of 600349926?
6
What is the millions digit of 160330278?
0
What is the thousands digit of 24054790?
4
What is the tens digit of 267058791?
9
What is the units digit of 4907130771?
1
What is the millions digit of 82930450?
2
What is the hundred thousands digit of 67244346?
2
What is the ten thousands digit of 454478508?
7
What is the millions digit of 115125497?
5
What is the hundreds digit of 318643214?
2
What is the ten millions digit of 556920100?
5
What is the tens digit of 71056500?
0
What is the tens digit of 581894263?
6
What is the units digit of 454781958?
8
What is the hundred thousands digit of 68437623?
4
What is the hundred thousands digit of 4548636526?
6
What is the hundred thousands digit of 329931427?
9
What is the millions digit of 64431932?
4
What is the millions digit of 31986391?
1
What is the ten thousands digit of 38031748?
3
What is the millions digit of 38254712?
8
What is the hundred thousands digit of 268675464?
6
What is the billions digit of 3631650668?
3
What is the hundreds digit of 5544807683?
6
What is the thousands digit of 1569963770?
3
What is the millions digit of 368100199?
8
What is the millions digit of 379263433?
9
What is